= -5178*j - 1041. What are the prime factors of n(-5)?
3, 11, 251
Suppose -6*f - 45 + 27 = 0. List the prime factors of (14/(-3))/(f - (-244)/84).
7
What are the prime factors of ((-204)/9)/2*(-25 + -665)?
2, 5, 17, 23
List the prime factors of ((-12968)/12 - 3)/(833/105 + -8).
5, 3251
Let q(a) = a + 40*a**3 + 41*a**3 - 6*a**2 - 7*a - 85*a**3. What are the prime factors of q(-3)?
2, 3
Suppose 7*n + 21 = -0*n. Let x be 3295/30 + (-3)/54*n. Let p = x + -86. What are the prime factors of p?
2, 3
Let v(c) be the second derivative of -c**3/6 - 8*c**2 + 25*c. Let s be v(-19). Let i(d) = 24*d + 1. List the prime factors of i(s).
73
Suppose 0 = -v + 4*t + 8485, 3*v - 25535 = -3*t - t. What are the prime factors of v?
3, 5, 7
Suppose -5*q + 2110 + 2045 = 0. What are the prime factors of (-3 - 1)/(((-27)/q)/9)?
2, 277
Let j be 2/10 - 147/(-15). Let d = j + -6. Suppose 5*t = d*r - 36, -4*r + 0*t = 2*t - 36. List the prime factors of r.
3
Let k = 8800 - -9231. What are the prime factors of k?
13, 19, 73
Suppose -13*f + 77243 + 91783 = 0. What are the prime factors of f?
2, 3, 11, 197
Suppose 26049 = 8*w + 3*q, -9*w = -5*w + q - 13027. List the prime factors of w.
2, 3, 181
Suppose 4*y + 17 = -l, -y - y = 10. Suppose 5*w + 14*h - 16*h = 4069, -2*w - l*h + 1620 = 0. List the prime factors of w.
3, 271
Let y = 183 - 130. Let t = 80 + y. What are the prime factors of t?
7, 19
Suppose 0 = h - 2 + 27. Let x = -29 - h. What are the prime factors of (-3 - 20/x) + 206?
2, 13
Suppose -30*y - 37*y = -2*y - 170690. List the prime factors of y.
2, 13, 101
What are the prime factors of 447/596*2860/3?
5, 11, 13
Let r(y) = 13*y - 109. Let f be r(8). Let v(g) = 11*g**2 + 8*g - 18. List the prime factors of v(f).
7, 31
Suppose 13*r + 100 = 17*r. Let m(v) = 21 - r - 2*v**3 - 2*v**2 + 11*v - 3*v**2 - 7*v. What are the prime factors of m(-5)?
101
Let w(m) = 64*m**2 - 18*m - 23. What are the prime factors of w(8)?
3929
Suppose 0 = -5*h + 4*u + 134552, 35*h - 36*h + 3*u + 26895 = 0. What are the prime factors of h?
2, 3, 2243
Suppose 65088 = 42*r - 357180. What are the prime factors of r?
2, 11, 457
Let h(o) = -14*o - 16. Let q be h(-1). What are the prime factors of 4 + q + -6 + 115?
3, 37
Suppose -992*o + 19151 = -990*o + 3*w, -3*o = 4*w - 28731. List the prime factors of o.
43, 223
Let g = -17117 + 39301. What are the prime factors of g?
2, 47, 59
Let g(j) = -j**3 - 14*j**2 + 3*j - 22. Let o(z) = -z**2 + 4*z + 6. Let t be o(-3). List the prime factors of g(t).
2, 79
Suppose 187*m = 113*m + 2963996. List the prime factors of m.
2, 7, 2861
List the prime factors of (172/(-258))/(2/(-43701)).
7, 2081
Let x = -114 + 97. Let r(i) = i**3 + 17*i**2 + 2. Let k be r(x). Suppose -5*b + c = -352, -3*c - k + 11 = 0. What are the prime factors of b?
71
Let n be -1 + 6 - (-37)/(-3)*-3. Suppose 1137 = 43*h - n*h. List the prime factors of h.
3, 379
Suppose 84989 = 4*x - 5*f, 28*x - 3*f = 24*x + 85003. What are the prime factors of x?
2, 2657
Suppose 2*w + 2663 = 3*j, 3302 + 1115 = 5*j + 2*w. Suppose -7*d + j - 38 = 0. Suppose d = 4*t + i, -t + 4*i = i - 14. What are the prime factors of t?
29
Suppose -14*x = -18*x + 568. Suppose 2*n - x = -g - 8, n = -g + 139. Suppose 412 - g = 5*f - 3*w, 5*f + 2*w - 263 = 0. List the prime factors of f.
53
Suppose 0 - 24 = -2*a. Suppose 0 = 3*x - 5*z - 5524, a*x - 17*x + z = -9236. List the prime factors of x.
2, 3, 7, 11
Suppose 3*c = 4*l + 83472, -c - 3*l + 36683 = 8833. List the prime factors of c.
2, 7, 71
Suppose -5*t = -23 + 3. Suppose t*z = 3*z + 234. Suppose 0 = 4*l - 258 - z. List the prime factors of l.
3, 41
Let w = -19617 + 29490. What are the prime factors of w?
3, 1097
Suppose -8019 = -8*x + 6*x - 5*s, 5*x - 5*s - 19960 = 0. List the prime factors of x.
7, 571
Let r = 15 + -1. Let j = r - 12. Suppose 5*v - d - 161 = 78, j*d = 3*v - 149. What are the prime factors of v?
47
Suppose 5*t + 1498 = -4*f, 3*t - 4 - 2 = 0. Let y = f - -900. What are the prime factors of y?
523
Let i = 7474 - -24217. List the prime factors of i.
11, 43, 67
Suppose -v + 15 = 4*v. Let w(l) = -79*l + 6. Let j be w(-6). Suppose 5*n = -5*g + j, v*n + 2*g - 7*g - 328 = 0. What are the prime factors of n?
101
Suppose 0 = x + 4*o - 13572, 132*o - 129*o = 24. What are the prime factors of x?
2, 5, 677
Suppose 0 = 10*y + 41*y - 102. What are the prime factors of 106/1*((y - -6) + 0)?
2, 53
Let r(m) = 8*m - 14. Let n be r(3). Let f(y) = y - 16. Let g(j) = j + 1. Let l(s) = -f(s) + 6*g(s). What are the prime factors of l(n)?
2, 3
Let y = 37 + -34. Suppose -5*l + 1204 = 4*h, -2*h - 301 = -3*h - y*l. What are the prime factors of h?
7, 43
Let g(q) be the third derivative of -q**4/8 + 2*q**3/3 - 12*q**2. Let c be g(2). What are the prime factors of ((-30)/9)/(c/36)?
2, 3, 5
Suppose -4*n - 3 = -19, 0 = -2*m + n - 600. Let j = m + 715. What are the prime factors of j?
3, 139
Let z(b) = b - 34. Let t be z(24). Let u be 4/18 - (0 + t/(-45)). Suppose -11*n + 7*n + 432 = u. What are the prime factors of n?
2, 3
Let a be (-3 + -3)/(-3)*2. Let z be (a/6)/(28/294). Let s = 60 + z. What are the prime factors of s?
67
List the prime factors of (528138/63 - (-1)/(-7)) + -9 + 3.
8377
Suppose -26*z = -23*z - 4383. Suppose 15*v - 10101 = -z. What are the prime factors of v?
2, 3
Let x(m) = 2764*m**2 - 5523*m**2 + 2763*m**2 + 7 + 4*m. What are the prime factors of x(19)?
3, 509
Let a be ((-1)/(-3))/(6/90). Suppose 0 = 3*c + a*m - m - 193, 0 = 2*m + 4. Suppose -c = -8*z + 7*z. List the prime factors of z.
67
Let d be 7/28*8 - -3. Suppose n = 55 + 31. Suppose 0 = d*s - 7*s + n. List the prime factors of s.
43
List the prime factors of (112/(-88))/7 + 1111712/44.
2, 3, 4211
Suppose 72*x - 308081 - 843983 = 995480. List the prime factors of x.
7, 4261
Let n(j) = 32*j + 29*j + 45*j**2 + 6 - 10. What are the prime factors of n(4)?
2, 3, 5
Let m(a) = 149*a**3 - a**2 - 1. Let n be m(2). Suppose -17*g - n = -7392. What are the prime factors of g?
5, 73
Let w = -13711 - -20902. What are the prime factors of w?
3, 17, 47
Let c = 16622 - 9048. What are the prime factors of c?
2, 7, 541
Let i(s) = -5*s**2 + s - 3. Let p be i(2). List the prime factors of (450/p)/((-11)/77).
2, 3, 5
Suppose -82*n + 5*s = -84*n + 53860, 3*s + 18 = 0. List the prime factors of n.
5, 17, 317
Let q = -4485 + 11499. What are the prime factors of q?
2, 3, 7, 167
Let h(u) = u**2 - 16*u + 5. Let m be h(16). Suppose -6*x = -m*k - 10*x + 381, 5*k + 3*x = 377. What are the prime factors of k?
73
Suppose -33 = 2*n - 3*n + 4*y, 5*y + 72 = 2*n. Suppose 0 = n*a + 747 - 18623. List the prime factors of a.
2, 109
Suppose 2*j - 4928 = -0*j + 2*m, 2*j = -5*m + 4963. Suppose -1050 = -9*b + j. List the prime factors of b.
17, 23
Suppose -114 = 7*b - 30. What are the prime factors of (b/10)/(6/(-3915))?
3, 29
Let t = -9890 + 9887. Let o be -6 - 1 - (-1 + 2). What are the prime factors of (-2054)/o + t/24*6?
2
Let s = 78273 + -52649. List the prime factors of s.
2, 3203
Suppose -27*z = -37*z - 60. List the prime factors of (45/(-6))/((-3)/z - 1).
3, 5
What are the prime factors of (3071344/(-417))/(8/(-6))?
2, 1381
Let l be ((-138)/40 - 14/(-56))*-5. List the prime factors of ((-12)/l)/((-3)/2448).
2, 3, 17
Suppose 669 = 7*q - 2362. List the prime factors of q.
433
Suppose 0 = -3*r - 5*z + 186403, -3*r + 3*z + 159241 = -27098. What are the prime factors of r?
3, 20707
Let y(b) = 58 + 30*b**2 + 6*b + 54 - 122 - 4*b**2. List the prime factors of y(4).
2, 5, 43
Let s(j) be the first derivative of -85*j**2/2 - 248*j + 43. What are the prime factors of s(-6)?
2, 131
Suppose -12534 = -4*j + 3*g, 9*g + 9390 = 3*j + 12*g. What are the prime factors of j?
2, 3, 29
Let i = 109 + -120. Let m = -7 - i. What are the prime factors of (-277)/(-2) - 2*(-1)/m?
139
Let k(u) = -6*u + 10. Let o be k(2). List the prime factors of (10 - 4)*(42 + (o - -2)).
2, 3, 7
Suppose -11*s = -10*s - 5. Suppose -4*y + 97 = -s*i, 0 = -y - 3*y + 4*i + 92. Suppose 5*j = -2*r + 153, 0 = -4*j - 2 - y. What are the prime factors of r?
89
Let d(u) be the third derivative of -u**5/30 - 7*u**4/8 + 8*u**3/3 + 223*u**2. Let n = -1 - 9. What are the prime factors of d(n)?
2, 13
Let z be 3 + -2 - (11/(-1) - 0). Suppose z*g = 13*g - 754. List the prime factors of g.
2, 13, 29
Let p(k) = k**3 